1. Let o(t) = -d(t) - 5*i(t). Let b(k) = 4*k + 3. Let f(z) = g*o(z) + 4*b(z). Give f(0).
2
Let r(a) = a. Let b(q) = -q - 1. Let l(m) = -4*b(m) - 3*r(m). Let c = -17 - -21. Suppose c*d + 42 = 4*k + k, 4*d = -5*k - 22. What is l(d)?
-4
Let l(q) = 2*q**3 - q**2 + 7*q - 2. Let m(d) = 5*d**3 - 2*d**2 + 20*d - 6. Let v(u) = -8*l(u) + 3*m(u). What is v(3)?
1
Let p(z) = 6*z**2 + z - 6. Let l(o) = -5*o**2 - o + 5. Let i(g) = 3*l(g) + 2*p(g). Let x(h) = -4*h**2 - 2*h + 4. Let a(v) = -3*i(v) + 2*x(v). Calculate a(4).
11
Let x(q) = 7*q. Let d(g) = 20*g - 1. Let p(v) = -6*d(v) + 17*x(v). Suppose 0 = 7*j - 3*j - 112. Let s be 161/j + (-3)/(-12). Give p(s).
0
Let l(f) = 2*f**3 + 76*f**2 - 77*f + 43. Let w be l(-39). Let s(o) = 3*o**2 - 2*o - 8. Give s(w).
32
Let o(t) = -t + 79. Let r(p) = -26. Let j(q) = -6*o(q) - 17*r(q). Let b be j(6). Let d(m) = -2*m**2 - 5 - 2*m + m**2 + 2*m**2. Determine d(b).
3
Let d(a) = -a**3 + a. Let c be d(0). Suppose c = h + 8*h + 45. Let j(o) = -4*o - 15. Let p(x) = -x - 4. Let i(k) = -2*j(k) + 9*p(k). Calculate i(h).
-1
Let d(z) = -2*z - 14. Suppose 15 - 22 = q. Calculate d(q).
0
Let f(b) = 5*b + 2. Suppose -2*t - 4*c = -5*c - 45, -5*c - 57 = -2*t. Suppose -t - 7 = 7*a. Determine f(a).
-18
Suppose 31*m = 29*m + 4. Let y be 2 + (-1 + 0)/(m/18). Let c(r) = -r**2 - 6*r + 7. What is c(y)?
0
Let o be (-2)/7 + (-2 - -9 - (-10)/(-14)). Let u(j) be the first derivative of j**3/3 - 3*j**2 - 1. What is u(o)?
0
Let o(s) be the first derivative of -3*s**2 + s + 7 - 5/3*s**3 + 1/4*s**4. Let l be (-69)/(-12) + 1/4. Determine o(l).
1
Let j(k) = 4*k + 9 + 7*k + 1 - 10*k. Determine j(-12).
-2
Let j(a) = 2*a + 4. Let n(p) = -3*p - 3. Let s(l) = -3*j(l) - 4*n(l). Suppose 13*c + 10 = 5*z + 10*c, 0 = 2*z - c - 3. Calculate s(z).
-6
Let s(n) be the third derivative of n**6/120 + n**5/60 + n**4/24 - 7*n**2. Let p(m) be the second derivative of s(m). What is p(-3)?
-16
Let u be -2*2/4*-10. Suppose 0 = -11*s + 13*s + u. Let v(i) = -i**2 - 3*i + 4. Give v(s).
-6
Suppose -25 = -p + 5*h, -2*p + 5*h + 35 = 5. Let i(q) = p*q**2 - 2*q - 21*q**2 + 4 + 15*q**2 - 3*q. Calculate i(-6).
-2
Suppose 5*s - 11 = -26. Let z(t) = 2*t + 9. Let x(j) = 2*j + 8. Let u(f) = s*z(f) + 4*x(f). Determine u(-6).
-7
Let k(c) be the third derivative of c**5/60 + c**4/4 - 2*c**3/3 - 3*c**2. Let u = -86 - -80. Determine k(u).
-4
Let y = -6 + 9. Let z(t) = -y + 2 + t + 0. Let x(p) = -p**2 - 3*p + 4. Let b be x(2). Calculate z(b).
-7
Suppose 5*o = -6*w + w - 25, 5*w + 25 = -3*o. Let u(l) = l + 9. Give u(o).
9
Let z(l) = 5*l**2 - 11*l - 2. Let j(b) = b - 4. Let s be j(7). Let o(a) = -2 - 6*a - 6 + s*a**2 + 7. Let w(c) = -7*o(c) + 4*z(c). Calculate w(-3).
-4
Let d(b) = 0*b - 3 + 1 + 1 + 3*b. Let y(n) = n**3 - 6*n - 3. Let k be y(-2). Determine d(k).
2
Let x be -6*14/21 + -4 + 1. Let k(p) = 4*p + 3 + 0*p - 3*p. Determine k(x).
-4
Suppose -3*o + 1 = -5. Let a(j) = -13*j**2 - j - 4. Let g(v) = 6*v**2 + 2. Let h(k) = 2*a(k) + 5*g(k). Determine h(o).
14
Let g(y) = y**2 - 9*y - 6. Let b = -12 - -23. Suppose -18 = 9*u - b*u. Give g(u).
-6
Suppose -2*o = -2*h + 7*h - 9, 4*h + 5*o + 3 = 0. Let z(p) = -p**3 - 2 + 10*p - 5*p + 6 + 5*p**2 + 2*p**h. Suppose 2*u + u + 9 = 0. Give z(u).
7
Let d(v) = 4 + 4 + 6*v**2 - 3*v**2 - 4*v**2. Let r be -33 + (-4 - -3) + 2. Let z = 32 + r. Calculate d(z).
8
Let u be (5 - -4) + 1*-3. Let n(v) = v - 3. Let y be n(-6). Let c = u + y. Let h(f) = -2*f**2 - 3*f + 1. Calculate h(c).
-8
Let u be ((-1)/((-2)/(-5)))/((-9)/(-18)). Let i(j) = j**2 + 7*j + 3. Determine i(u).
-7
Let r(n) be the first derivative of -n**2 + 5*n - 381. Suppose c + 0*c = -5*y - 24, 4*c + 8 = 2*y. Determine r(c).
13
Let m be (-44)/(-10) - 1 - 170/425. Suppose -m - 9 = 6*u. Let w(n) = 3*n + 3. Calculate w(u).
-3
Let h(c) = c**3 - 6*c**2 - 3*c + 8. Suppose y + 3 = 3*i, 4*i = 3*y + i - 21. Suppose -y = -3*w + 6. What is h(w)?
-10
Let t(w) = w**3 + 10*w**2 + 7*w + 10. Let b(p) = 2*p**3 - 6*p**2 - 12*p + 7. Let n be b(4). Determine t(n).
28
Let c(a) = 5*a**2 - 3*a + 2. Let b = 1371 - 1369. Give c(b).
16
Let g(u) be the first derivative of -u**4/4 + 7*u**3/3 - 5*u**2/2 + 6*u + 20. Calculate g(6).
12
Suppose b + 3*z - 18 = 17, 2*z + 30 = 2*b. Suppose 3*r = -r + b. Suppose 2*o + 2*d + 10 = 0, 5*o + d = r*d + 20. Let c(m) = m - 5. Determine c(o).
-5
Let m be 24/40 - 44/(-10). Suppose a + 3*o + 4 + 5 = 0, 5*a = m*o - 5. Let n(t) = 2*t. Give n(a).
-6
Let w(d) be the second derivative of d**6/120 - 2*d**5/15 - d**4/24 + 3*d**3/2 + 23*d**2/2 - 30*d. Let z(l) be the first derivative of w(l). Calculate z(8).
1
Let j(m) = -2*m**2 + m + 64. Let p be j(-5). Let z(v) = v**2 - 10*v + 20. Calculate z(p).
11
Let j(y) = 3*y - 14. Suppose 150 = 9*p + 16*p. Calculate j(p).
4
Let g(y) = 4*y**2 + 13*y + 11. Let h(x) = 7*x**2 + 25*x + 21. Let w(m) = -5*g(m) + 3*h(m). Determine w(-6).
-16
Let m(y) = 20*y + 17. Let d be 1/((-3)/75*-5). Suppose -4*v - 3*w = 50, d*w - 2 = -12. Let b(q) = -7*q - 6. Let a(u) = v*b(u) - 4*m(u). What is a(-2)?
4
Let m(j) = -j + 17. Suppose -f + 4*q = -4*f - 47, 5*q + 62 = -4*f. What is m(f)?
30
Let v be 4 + 5 + -5 + (-1 - -3). Let m(a) = -2*a**2 + 9*a - 9. Determine m(v).
-27
Let h(j) = 4*j**3 + 2*j**2 + 3*j - 2. Let p(w) = 4*w**3 + 2*w**2 + 4*w - 3. Let d = -57 - -55. Let v(n) = d*p(n) + 3*h(n). Calculate v(-1).
-3
Let n(o) = o**3 - 8*o**2 + 8*o - 1. Suppose -15*c + 70 = -5*c. What is n(c)?
6
Suppose -4*v - 15 = -7*v. Let f(g) = 2*g + 8. Let r(b) = -3*b - 15. Let i(t) = v*f(t) + 3*r(t). Calculate i(5).
0
Let d be -2*1 + -2 + 2. Let w(a) be the second derivative of -a**5/20 - a**4/12 + a**3/6 - 139*a. Give w(d).
2
Let n(c) = c**3 - 5*c**2 - 12*c. Let w be n(7). Let a(y) = -y**3 + 8*y**2 + y - 1 + 7*y**2 - w*y**2. Calculate a(2).
-3
Let r = 19 + -18. Let g(d) = -6*d + 2*d - 1 + 16*d. Determine g(r).
11
Let j(q) = 59*q - 1 - 28*q - 33*q. What is j(3)?
-7
Suppose 0 = -x + 5*c - 3, 0*x - c + 9 = x. Let j(u) = -10*u**2 - 4 + x*u - 10*u**2 + 37*u**2 - 18*u**2. Give j(5).
6
Let z(i) = -5 + i - 6*i + 3*i + i**3 - 2 - 2*i**2. What is z(3)?
-4
Let w(y) = 332 + 322 - 654 - 5*y**2 - 9*y**2. Calculate w(1).
-14
Let g(s) be the second derivative of -5*s**4/4 + s**3/3 + s**2/2 + 267*s. Calculate g(-1).
-16
Let z = -11 + 13. Let q(g) = 7*g + g**z + 1558 - 1558. Calculate q(-5).
-10
Let t be (108/(-99))/(6/(-33)). Let a(o) = -5*o + 25. Give a(t).
-5
Let s(c) = 2 + c**2 - 11*c - 8 - 4. Determine s(12).
2
Let d be 1/((-1)/(-4)*2). Let t(p) = -p**2 + 2*p - 100 - 5*p + 3*p + 98. Give t(d).
-6
Suppose -2 - 1 = -o + k, 5*k = 4*o - 10. Let l(s) = s**2 - 4*s - 6. Determine l(o).
-1
Suppose -8*q + 279 - 255 = 0. Let z(w) = -w**3 + w**2 + w + 3. Determine z(q).
-12
Let v(q) = -4*q + 5*q + 6229 - 6218. Determine v(-8).
3
Let i(h) be the second derivative of 0 + 1/6*h**4 + 3/2*h**3 + 0*h**2 + 9*h + 1/120*h**5. Let r(b) be the second derivative of i(b). What is r(-4)?
0
Let a be -1 - -2 - 6/(-1). Let h(k) = -k + 5. Let x be h(a). Let s(n) be the third derivative of n**4/24 + 2*n**2. Determine s(x).
-2
Let f(i) = -2*i**2 - 13*i - 7. Let v = 701 + -707. Determine f(v).
-1
Let r(s) = s**2 + 1. Suppose 0 = -5*f + 4*d + 24, 4 + 16 = 4*f - 4*d. Let c(p) = p - 2. Let k be c(11). Suppose k = 2*l + h, -15 - 7 = -l - f*h. What is r(l)?
5
Let h(v) = -v**2 + 2*v + 1. Suppose -g - y + 12 = y, -3*y + 9 = -3*g. Suppose -6 = 2*r + 2*m - 20, 0 = g*r - 5*m + 21. Calculate h(r).
1
Let b(o) be the second derivative of o**4/12 + 2*o**3 + 10*o**2 + 126*o. What is b(-10)?
0
Suppose -3*i - 5*f = 2*i - 5, i - 9 = f. Suppose i*c + 18 = 3*c. Let s = c + 7. Let a(t) = t**3 - t - 2. What is a(s)?
-8
Let p be ((-10)/(-3))/(6/45). Let w = p - 20. Suppose w*m + 4*h - 9*h = 50, m = -4*h - 15. Let q(r) = -r**2 + 5*r - 6. What is q(m)?
-6
Suppose q + 0 = 2. Suppose 4*l + 3*b = q*l + 3, 0 = 3*l + 4*b - 5. Let i(c) be the second derivative of c**4/12 - c**3/2 - c**2/2 + c. Calculate i(l).
-1
Let g(n) = -9*n**3 - 3*n**2 - 1. Let k(u) = -u**3 - 4*u**2 - 6*u - 4. Let d be k(-3). Let j(w) = -8*w**3 - 2*w**2 - 1. Let q(y) = d*g(y) - 6*j(y). Give q(2).
13
Suppose -7 = x + 3*t, 8*x = 13*x + 3*t + 35. Let z(v) = -4*v - 3. Let w(g) = -9*g - 6. Let u(n) = -6*w(n) + 14*z(n). Give u(x).
8
Let w(r) = 3*r - 6*r**2 - 31*r**3 - 4 + 7*r**3 + 10*r**3 + 2 + 13*r**3. What is w(-6)?